{"id":50,"date":"2026-01-18T16:03:38","date_gmt":"2026-01-18T15:03:38","guid":{"rendered":"https:\/\/animation-hh30.ovh\/?page_id=50"},"modified":"2026-03-13T15:19:03","modified_gmt":"2026-03-13T14:19:03","slug":"la-pension-de-famille","status":"publish","type":"page","link":"https:\/\/animation-hh30.ovh\/index.php\/pensions-de-famille\/la-pension-de-famille\/","title":{"rendered":"Lou R\u00e9cantou"},"content":{"rendered":"\n<h5 class=\"wp-block-heading\">La pension de famille <em>Lou R\u00e9cantou<\/em><\/h5>\n\n\n\n<p>Situ\u00e9e au c\u0153ur du village de Marguerittes, la Pension de Famille \u00ab <strong>Lou Recantou<\/strong> \u00bb a accueilli ses premiers r\u00e9sidents en ao\u00fbt 2010. Elle est agr\u00e9\u00e9e pour 22 places r\u00e9parties depuis l\u2019ann\u00e9e 2013 sur 22 logements.<\/p>\n\n\n\n<p>La Pension de famille est une r\u00e9sidence sociale destin\u00e9e \u00e0 des personnes \u00e0 faible niveau de ressources, isol\u00e9es socialement et qui n\u2019ont pas acc\u00e8s \u00e0 un logement ordinaire, et ce, sans condition de dur\u00e9e. Elle repr\u00e9sente un type d\u2019habitat alternatif qui doit permettre de rompre avec les formes d\u2019h\u00e9bergement classiques en mati\u00e8re de r\u00e9ponse sociale, de cadre et de qualit\u00e9 de vie.<\/p>\n\n\n\n<p>La mission d\u2019une Pension de famille est bien de favoriser l\u2019insertion. C&rsquo;est un lieu pour se poser, r\u00e9apprendre le vivre ensemble en vue de se projeter dans un futur \u00e0 prendre en main. La pension de famille permet aux r\u00e9sidents de se reconstruire progressivement, de retrouver une vie sociale \u00e0 l\u2019int\u00e9rieur de la maison mais aussi \u00e0 l\u2019ext\u00e9rieur. Ceci afin de cerner leurs propres forces, de reprendre confiance et de faire \u00e9merger des projets individuels (de sant\u00e9, d\u2019insertion professionnelle, de relogement ou autres).<\/p>\n\n\n<div class=\"wp-block-image\">\n<figure class=\"aligncenter size-full\"><img loading=\"lazy\" decoding=\"async\" width=\"768\" height=\"554\" src=\"https:\/\/animation-hh30.ovh\/wp-content\/uploads\/2026\/01\/lourecantou.jpg\" alt=\"\" class=\"wp-image-44\" srcset=\"https:\/\/animation-hh30.ovh\/wp-content\/uploads\/2026\/01\/lourecantou.jpg 768w, https:\/\/animation-hh30.ovh\/wp-content\/uploads\/2026\/01\/lourecantou-300x216.jpg 300w\" sizes=\"auto, (max-width: 768px) 100vw, 768px\" \/><\/figure>\n<\/div>\n\n\n<h5 class=\"wp-block-heading\">Bien vivre ensemble<\/h5>\n\n\n\n<p>Sous la responsabilit\u00e9 de deux salari\u00e9es charg\u00e9es de l\u2019accompagnement au quotidien, et avec l\u2019aide d\u2019une \u00e9quipe de b\u00e9n\u00e9voles, se sont mises en place des activit\u00e9s permettant aux r\u00e9sidents de se rencontrer, de se conna\u00eetre et de se resocialiser : repas hebdomadaires, atelier de relaxation pour \u00e9vacuer angoisse et stress, des sorties cin\u00e9ma et th\u00e9\u00e2tre\u2026<\/p>\n\n\n\n<p>Elles favorisent la mise en relation avec les partenaires et administrations. Elles animent le lieu de vie et veillent au respect du projet social et au bien-\u00eatre des r\u00e9sidents.<\/p>\n\n\n\n<h5 class=\"wp-block-heading\">Un lieu ouvert sur l&rsquo;ext\u00e9rieur<\/h5>\n\n\n\n<p>Un important r\u00e9seau partenarial permet de r\u00e9pondre aux diverses probl\u00e9matiques et de proposer un accompagnement personnalis\u00e9, s\u2019adaptant aux besoins et demandes de chacun tant sur l\u2019acc\u00e8s aux soins, que vers le retour \u00e0 l\u2019emploi ou \u00e0 la formation, l\u2019acc\u00e8s \u00e0 la culture, aux loisirs, au b\u00e9n\u00e9volat etc.<\/p>\n\n\n\n<p>Afin de favoriser l\u2019insertion, l\u2019ouverture vers le village permet aussi des \u00e9changes conviviaux avec les habitants. Des r\u00e9sidents fr\u00e9quentent r\u00e9guli\u00e8rement la m\u00e9diath\u00e8que ou participent \u00e0 la p\u00e9tanque. L\u2019objectif est de permettre aux r\u00e9sidents de redevenir acteurs de leur vie et citoyens ins\u00e9r\u00e9s dans la cit\u00e9.<\/p>\n\n\n\n<div class=\"wp-block-buttons is-content-justification-center is-layout-flex wp-container-core-buttons-is-layout-16018d1d wp-block-buttons-is-layout-flex\">\n<div class=\"wp-block-button\"><a class=\"wp-block-button__link has-text-align-right wp-element-button\" href=\"https:\/\/www.habitat-humanisme.org\/wp-content\/uploads\/2016\/09\/pdf-lourecantou-2022.pdf\" target=\"_blank\" rel=\"noreferrer noopener\">T\u00e9l\u00e9charger la plaquette<\/a><\/div>\n<\/div>\n\n\n\n<p><\/p>\n","protected":false},"excerpt":{"rendered":"<p>La pension de famille Lou R\u00e9cantou Situ\u00e9e au c\u0153ur du village de Marguerittes, la Pension de Famille \u00ab Lou Recantou \u00bb a accueilli ses premiers r\u00e9sidents en ao\u00fbt 2010. Elle est agr\u00e9\u00e9e pour 22 places r\u00e9parties depuis l\u2019ann\u00e9e 2013 sur 22 logements. La Pension de famille est une r\u00e9sidence sociale destin\u00e9e \u00e0 des personnes \u00e0 &hellip; <a href=\"https:\/\/animation-hh30.ovh\/index.php\/pensions-de-famille\/la-pension-de-famille\/\" class=\"more-link\">Continuer la lecture de <span class=\"screen-reader-text\">Lou R\u00e9cantou<\/span>  <span class=\"meta-nav\">&rarr;<\/span><\/a><\/p>\n","protected":false},"author":2,"featured_media":0,"parent":216,"menu_order":2,"comment_status":"closed","ping_status":"closed","template":"","meta":{"footnotes":""},"class_list":["post-50","page","type-page","status-publish","hentry"],"_links":{"self":[{"href":"https:\/\/animation-hh30.ovh\/index.php\/wp-json\/wp\/v2\/pages\/50","targetHints":{"allow":["GET"]}}],"collection":[{"href":"https:\/\/animation-hh30.ovh\/index.php\/wp-json\/wp\/v2\/pages"}],"about":[{"href":"https:\/\/animation-hh30.ovh\/index.php\/wp-json\/wp\/v2\/types\/page"}],"author":[{"embeddable":true,"href":"https:\/\/animation-hh30.ovh\/index.php\/wp-json\/wp\/v2\/users\/2"}],"replies":[{"embeddable":true,"href":"https:\/\/animation-hh30.ovh\/index.php\/wp-json\/wp\/v2\/comments?post=50"}],"version-history":[{"count":4,"href":"https:\/\/animation-hh30.ovh\/index.php\/wp-json\/wp\/v2\/pages\/50\/revisions"}],"predecessor-version":[{"id":271,"href":"https:\/\/animation-hh30.ovh\/index.php\/wp-json\/wp\/v2\/pages\/50\/revisions\/271"}],"up":[{"embeddable":true,"href":"https:\/\/animation-hh30.ovh\/index.php\/wp-json\/wp\/v2\/pages\/216"}],"wp:attachment":[{"href":"https:\/\/animation-hh30.ovh\/index.php\/wp-json\/wp\/v2\/media?parent=50"}],"curies":[{"name":"wp","href":"https:\/\/api.w.org\/{rel}","templated":true}]}}

Lou Récantou

<h5 class="wp-block-heading">La pension de famille <em>Lou Récantou</em></h5>



<p>Située au cœur du village de Marguerittes, la Pension de Famille « <strong>Lou Recantou</strong> » a accueilli ses premiers résidents en août 2010. Elle est agréée pour 22 places réparties depuis l’année 2013 sur 22 logements.</p>



<p>La Pension de famille est une résidence sociale destinée à des personnes à faible niveau de ressources, isolées socialement et qui n’ont pas accès à un logement ordinaire, et ce, sans condition de durée. Elle représente un type d’habitat alternatif qui doit permettre de rompre avec les formes d’hébergement classiques en matière de réponse sociale, de cadre et de qualité de vie.</p>



<p>La mission d’une Pension de famille est bien de favoriser l’insertion. C&rsquo;est un lieu pour se poser, réapprendre le vivre ensemble en vue de se projeter dans un futur à prendre en main. La pension de famille permet aux résidents de se reconstruire progressivement, de retrouver une vie sociale à l’intérieur de la maison mais aussi à l’extérieur. Ceci afin de cerner leurs propres forces, de reprendre confiance et de faire émerger des projets individuels (de santé, d’insertion professionnelle, de relogement ou autres).</p>


<div class="wp-block-image">
<figure class="aligncenter size-full"><img loading="lazy" decoding="async" width="768" height="554" src="https://animation-hh30.ovh/wp-content/uploads/2026/01/lourecantou.jpg" alt="" class="wp-image-44" srcset="https://animation-hh30.ovh/wp-content/uploads/2026/01/lourecantou.jpg 768w, https://animation-hh30.ovh/wp-content/uploads/2026/01/lourecantou-300x216.jpg 300w" sizes="auto, (max-width: 768px) 100vw, 768px" /></figure>
</div>


<h5 class="wp-block-heading">Bien vivre ensemble</h5>



<p>Sous la responsabilité de deux salariées chargées de l’accompagnement au quotidien, et avec l’aide d’une équipe de bénévoles, se sont mises en place des activités permettant aux résidents de se rencontrer, de se connaître et de se resocialiser : repas hebdomadaires, atelier de relaxation pour évacuer angoisse et stress, des sorties cinéma et théâtre…</p>



<p>Elles favorisent la mise en relation avec les partenaires et administrations. Elles animent le lieu de vie et veillent au respect du projet social et au bien-être des résidents.</p>



<h5 class="wp-block-heading">Un lieu ouvert sur l&rsquo;extérieur</h5>



<p>Un important réseau partenarial permet de répondre aux diverses problématiques et de proposer un accompagnement personnalisé, s’adaptant aux besoins et demandes de chacun tant sur l’accès aux soins, que vers le retour à l’emploi ou à la formation, l’accès à la culture, aux loisirs, au bénévolat etc.</p>



<p>Afin de favoriser l’insertion, l’ouverture vers le village permet aussi des échanges conviviaux avec les habitants. Des résidents fréquentent régulièrement la médiathèque ou participent à la pétanque. L’objectif est de permettre aux résidents de redevenir acteurs de leur vie et citoyens insérés dans la cité.</p>



<div class="wp-block-buttons is-content-justification-center is-layout-flex wp-container-core-buttons-is-layout-16018d1d wp-block-buttons-is-layout-flex">
<div class="wp-block-button"><a class="wp-block-button__link has-text-align-right wp-element-button" href="https://www.habitat-humanisme.org/wp-content/uploads/2016/09/pdf-lourecantou-2022.pdf" target="_blank" rel="noreferrer noopener">Télécharger la plaquette</a></div>
</div>



<p></p>

<p>La pension de famille Lou Récantou Située au cœur du village de Marguerittes, la Pension de Famille « Lou Recantou » a accueilli ses premiers résidents en août 2010. Elle est agréée pour 22 places réparties depuis l’année 2013 sur 22 logements. La Pension de famille est une résidence sociale destinée à des personnes à &hellip; <a href="https://animation-hh30.ovh/index.php/pensions-de-famille/la-pension-de-famille/" class="more-link">Continuer la lecture de <span class="screen-reader-text">Lou Récantou</span>  <span class="meta-nav">&rarr;</span></a></p>
