{"id":67,"date":"2026-01-18T18:01:25","date_gmt":"2026-01-18T17:01:25","guid":{"rendered":"https:\/\/animation-hh30.ovh\/?page_id=67"},"modified":"2026-03-13T15:08:32","modified_gmt":"2026-03-13T14:08:32","slug":"le-patio-des-hirondelles","status":"publish","type":"page","link":"https:\/\/animation-hh30.ovh\/index.php\/habitats-inclusifs\/le-patio-des-hirondelles\/","title":{"rendered":"Le Patio des Hirondelles"},"content":{"rendered":"\n<h5 class=\"wp-block-heading\">Habitat Inclusif<\/h5>\n\n\n\n<p id=\"block-72255085-e590-422f-9b4a-3a5a193b3492\">A N\u00eemes, Habitat et Humanisme Gard a inaugur\u00e9 en 2016, la \u00ab Maison en Partage \u00bb le patio des hirondelles, en pr\u00e9sence des \u00e9lus du D\u00e9partement et de la Ville de N\u00eemes. En 2022, la maison en partage est devenue un \u00ab&nbsp;Habitat inclusif&nbsp;\u00bb. Ce dispositif innovant du Conseil D\u00e9partemental du Gard est une&nbsp;solution adapt\u00e9e pour les personnes en situation de handicap ou les personnes \u00e2g\u00e9es de plus de 65 ans autonomes qui souhaitent vivre chez elles sans \u00eatre seules. Il constitue une&nbsp;<strong>alternative \u00e0 la vie \u00e0 domicile et \u00e0 la vie en \u00e9tablissement<\/strong>. Les habitants y vivent dans des espaces privatifs, tout en partageant des espaces communs et un projet de vie sociale et partag\u00e9e. <\/p>\n\n\n\n<p id=\"block-72255085-e590-422f-9b4a-3a5a193b3492\">Des animatrices de vie sociale, proposent un accompagnement en collaboration avec les diff\u00e9rents intervenants \u00e0 domicile, les b\u00e9n\u00e9voles et les partenaires. Avec les b\u00e9n\u00e9voles et les institutionnels (services sociaux ,d\u2019accompagnement) elles organisent aussi des temps collectifs pour cr\u00e9er du lien social<\/p>\n\n\n\n<p id=\"block-d2845f38-73be-4ed9-a9b5-a26502bd9718\">L\u2019immeuble, propri\u00e9t\u00e9 de l\u2019association dioc\u00e9saine de N\u00eemes, a \u00e9t\u00e9 confi\u00e9 \u00e0 l\u2019association dans le cadre d\u2019un bail \u00e0 r\u00e9habilitation pour une dur\u00e9e de 40 ans.<\/p>\n\n\n\n<h5 class=\"wp-block-heading\" id=\"block-17bedba9-342a-4c49-b921-31aa1f57077c\">10 logements pour rompre l&rsquo;isolement<\/h5>\n\n\n\n<p id=\"block-ff1b8596-a184-438e-baec-e48b3a4bbffa\">La r\u00e9habilitation de ce vaste immeuble tr\u00e8s d\u00e9grad\u00e9 a permis la r\u00e9alisation de <strong>10 logements<\/strong> et un <strong>local \u00e0 usage commun<\/strong> donnant sur un patio ext\u00e9rieur. La Maison en Partage accueille des <strong>personnes \u00e2g\u00e9es et\/ou handicap\u00e9es<\/strong>, ayant de faibles ressources, autonomes et ayant le souhait de vivre en semi-collectivit\u00e9.<\/p>\n\n\n\n<p id=\"block-a1e359f2-012f-48d3-aa61-bc5809cd6ff4\">La Maison en partage constitue <strong>une des r\u00e9ponses au maintien \u00e0 domicile des personnes \u00e2g\u00e9es isol\u00e9es \u00e0 faibles revenus.<\/strong>&nbsp; Avec l\u2019aide d\u2019une \u00e9quipe de b\u00e9n\u00e9voles, l\u2019objectif est de cr\u00e9er une dynamique de convivialit\u00e9 et d\u2019\u00e9changes de services pour <strong>rompre l\u2019isolement<\/strong> et <strong>permettre un mieux-\u00eatre<\/strong> de ces personnes fragilis\u00e9es par l\u2019\u00e2ge ou le handicap.<\/p>\n\n\n\n<p>Le projet de vie sociale est coconstruit et partag\u00e9 par l&rsquo;ensemble des locataires. Chaque habitant choisit d\u2019int\u00e9grer cet habitat collectif en adh\u00e9rant aux valeurs et aux projets sociaux port\u00e9s par la structure. \u00c0 leur arriv\u00e9e, les nouveaux locataires rejoignent le comit\u00e9 des locataires, instance participative charg\u00e9e de d\u00e9cider de la vie de la maison et d\u2019organiser les animations.<\/p>\n\n\n\n<p>Ainsi, chacun trouve sa place au sein de cet espace de vie et peut mettre \u00e0 profit ses comp\u00e9tences. Progressivement, les habitants s\u2019impliquent dans la majorit\u00e9 des actions engag\u00e9es et deviennent force de proposition pour d\u00e9velopper de nouvelles initiatives.<\/p>\n\n\n\n<p><a href=\"https:\/\/animation-hh30.ovh\/wp-content\/uploads\/2026\/03\/Depliant_A5_RI_Oustalet_2025_VF.pdf\" target=\"_blank\" rel=\"noreferrer noopener\">telecharger la plaquette<\/a><\/p>\n\n\n<div class=\"wp-block-image\">\n<figure class=\"aligncenter size-full\"><img loading=\"lazy\" decoding=\"async\" width=\"1024\" height=\"684\" src=\"https:\/\/animation-hh30.ovh\/wp-content\/uploads\/2026\/01\/maison-en-partage-1024x684-1.jpg\" alt=\"\" class=\"wp-image-64\" style=\"aspect-ratio:1.49707841683434\" srcset=\"https:\/\/animation-hh30.ovh\/wp-content\/uploads\/2026\/01\/maison-en-partage-1024x684-1.jpg 1024w, https:\/\/animation-hh30.ovh\/wp-content\/uploads\/2026\/01\/maison-en-partage-1024x684-1-300x200.jpg 300w, https:\/\/animation-hh30.ovh\/wp-content\/uploads\/2026\/01\/maison-en-partage-1024x684-1-768x513.jpg 768w\" sizes=\"auto, (max-width: 1024px) 100vw, 1024px\" \/><\/figure>\n<\/div>","protected":false},"excerpt":{"rendered":"<p>Habitat Inclusif A N\u00eemes, Habitat et Humanisme Gard a inaugur\u00e9 en 2016, la \u00ab Maison en Partage \u00bb le patio des hirondelles, en pr\u00e9sence des \u00e9lus du D\u00e9partement et de la Ville de N\u00eemes. En 2022, la maison en partage est devenue un \u00ab&nbsp;Habitat inclusif&nbsp;\u00bb. Ce dispositif innovant du Conseil D\u00e9partemental du Gard est une&nbsp;solution &hellip; <a href=\"https:\/\/animation-hh30.ovh\/index.php\/habitats-inclusifs\/le-patio-des-hirondelles\/\" class=\"more-link\">Continuer la lecture de <span class=\"screen-reader-text\">Le Patio des Hirondelles<\/span>  <span class=\"meta-nav\">&rarr;<\/span><\/a><\/p>\n","protected":false},"author":2,"featured_media":0,"parent":219,"menu_order":1,"comment_status":"closed","ping_status":"closed","template":"","meta":{"footnotes":""},"class_list":["post-67","page","type-page","status-publish","hentry"],"_links":{"self":[{"href":"https:\/\/animation-hh30.ovh\/index.php\/wp-json\/wp\/v2\/pages\/67","targetHints":{"allow":["GET"]}}],"collection":[{"href":"https:\/\/animation-hh30.ovh\/index.php\/wp-json\/wp\/v2\/pages"}],"about":[{"href":"https:\/\/animation-hh30.ovh\/index.php\/wp-json\/wp\/v2\/types\/page"}],"author":[{"embeddable":true,"href":"https:\/\/animation-hh30.ovh\/index.php\/wp-json\/wp\/v2\/users\/2"}],"replies":[{"embeddable":true,"href":"https:\/\/animation-hh30.ovh\/index.php\/wp-json\/wp\/v2\/comments?post=67"}],"version-history":[{"count":4,"href":"https:\/\/animation-hh30.ovh\/index.php\/wp-json\/wp\/v2\/pages\/67\/revisions"}],"predecessor-version":[{"id":269,"href":"https:\/\/animation-hh30.ovh\/index.php\/wp-json\/wp\/v2\/pages\/67\/revisions\/269"}],"up":[{"embeddable":true,"href":"https:\/\/animation-hh30.ovh\/index.php\/wp-json\/wp\/v2\/pages\/219"}],"wp:attachment":[{"href":"https:\/\/animation-hh30.ovh\/index.php\/wp-json\/wp\/v2\/media?parent=67"}],"curies":[{"name":"wp","href":"https:\/\/api.w.org\/{rel}","templated":true}]}}

<h5 class="wp-block-heading">Habitat Inclusif</h5>



<p id="block-72255085-e590-422f-9b4a-3a5a193b3492">A Nîmes, Habitat et Humanisme Gard a inauguré en 2016, la « Maison en Partage » le patio des hirondelles, en présence des élus du Département et de la Ville de Nîmes. En 2022, la maison en partage est devenue un «&nbsp;Habitat inclusif&nbsp;». Ce dispositif innovant du Conseil Départemental du Gard est une&nbsp;solution adaptée pour les personnes en situation de handicap ou les personnes âgées de plus de 65 ans autonomes qui souhaitent vivre chez elles sans être seules. Il constitue une&nbsp;<strong>alternative à la vie à domicile et à la vie en établissement</strong>. Les habitants y vivent dans des espaces privatifs, tout en partageant des espaces communs et un projet de vie sociale et partagée. </p>



<p id="block-72255085-e590-422f-9b4a-3a5a193b3492">Des animatrices de vie sociale, proposent un accompagnement en collaboration avec les différents intervenants à domicile, les bénévoles et les partenaires. Avec les bénévoles et les institutionnels (services sociaux ,d’accompagnement) elles organisent aussi des temps collectifs pour créer du lien social</p>



<p id="block-d2845f38-73be-4ed9-a9b5-a26502bd9718">L’immeuble, propriété de l’association diocésaine de Nîmes, a été confié à l’association dans le cadre d’un bail à réhabilitation pour une durée de 40 ans.</p>



<h5 class="wp-block-heading" id="block-17bedba9-342a-4c49-b921-31aa1f57077c">10 logements pour rompre l&rsquo;isolement</h5>



<p id="block-ff1b8596-a184-438e-baec-e48b3a4bbffa">La réhabilitation de ce vaste immeuble très dégradé a permis la réalisation de <strong>10 logements</strong> et un <strong>local à usage commun</strong> donnant sur un patio extérieur. La Maison en Partage accueille des <strong>personnes âgées et/ou handicapées</strong>, ayant de faibles ressources, autonomes et ayant le souhait de vivre en semi-collectivité.</p>



<p id="block-a1e359f2-012f-48d3-aa61-bc5809cd6ff4">La Maison en partage constitue <strong>une des réponses au maintien à domicile des personnes âgées isolées à faibles revenus.</strong>&nbsp; Avec l’aide d’une équipe de bénévoles, l’objectif est de créer une dynamique de convivialité et d’échanges de services pour <strong>rompre l’isolement</strong> et <strong>permettre un mieux-être</strong> de ces personnes fragilisées par l’âge ou le handicap.</p>



<p>Le projet de vie sociale est coconstruit et partagé par l&rsquo;ensemble des locataires. Chaque habitant choisit d’intégrer cet habitat collectif en adhérant aux valeurs et aux projets sociaux portés par la structure. À leur arrivée, les nouveaux locataires rejoignent le comité des locataires, instance participative chargée de décider de la vie de la maison et d’organiser les animations.</p>



<p>Ainsi, chacun trouve sa place au sein de cet espace de vie et peut mettre à profit ses compétences. Progressivement, les habitants s’impliquent dans la majorité des actions engagées et deviennent force de proposition pour développer de nouvelles initiatives.</p>



<p><a href="https://animation-hh30.ovh/wp-content/uploads/2026/03/Depliant_A5_RI_Oustalet_2025_VF.pdf" target="_blank" rel="noreferrer noopener">telecharger la plaquette</a></p>


<div class="wp-block-image">
<figure class="aligncenter size-full"><img loading="lazy" decoding="async" width="1024" height="684" src="https://animation-hh30.ovh/wp-content/uploads/2026/01/maison-en-partage-1024x684-1.jpg" alt="" class="wp-image-64" style="aspect-ratio:1.49707841683434" srcset="https://animation-hh30.ovh/wp-content/uploads/2026/01/maison-en-partage-1024x684-1.jpg 1024w, https://animation-hh30.ovh/wp-content/uploads/2026/01/maison-en-partage-1024x684-1-300x200.jpg 300w, https://animation-hh30.ovh/wp-content/uploads/2026/01/maison-en-partage-1024x684-1-768x513.jpg 768w" sizes="auto, (max-width: 1024px) 100vw, 1024px" /></figure>
</div>

<p>Habitat Inclusif A Nîmes, Habitat et Humanisme Gard a inauguré en 2016, la « Maison en Partage » le patio des hirondelles, en présence des élus du Département et de la Ville de Nîmes. En 2022, la maison en partage est devenue un «&nbsp;Habitat inclusif&nbsp;». Ce dispositif innovant du Conseil Départemental du Gard est une&nbsp;solution &hellip; <a href="https://animation-hh30.ovh/index.php/habitats-inclusifs/le-patio-des-hirondelles/" class="more-link">Continuer la lecture de <span class="screen-reader-text">Le Patio des Hirondelles</span>  <span class="meta-nav">&rarr;</span></a></p>
