{"id":73,"date":"2026-01-18T18:09:40","date_gmt":"2026-01-18T17:09:40","guid":{"rendered":"https:\/\/animation-hh30.ovh\/?page_id=73"},"modified":"2026-03-13T12:03:48","modified_gmt":"2026-03-13T11:03:48","slug":"la-capitelle","status":"publish","type":"page","link":"https:\/\/animation-hh30.ovh\/index.php\/pensions-de-famille\/la-capitelle\/","title":{"rendered":"La Capitelle"},"content":{"rendered":"\n<h5 class=\"wp-block-heading\">La pension de famille <\/h5>\n\n\n\n<p class=\"has-text-align-left\">Habitat et Humanisme Gard a cr\u00e9\u00e9 une <strong>Pension de Famille \u00e0 Verg\u00e8ze<\/strong>. La r\u00e9sidence accueille depuis le 12 novembre 2018 un public mixte et <br>majeur.<\/p>\n\n\n\n<p class=\"has-text-align-left\">Il s\u2019agit d\u2019une r\u00e9sidence sociale destin\u00e9e \u00e0 des personnes \u00e0 faible niveau de ressources, isol\u00e9es socialement et qui n\u2019ont pas acc\u00e8s \u00e0 un logement ordinaire, et ce, sans condition de dur\u00e9e.<\/p>\n\n\n\n<p class=\"has-text-align-left\">L\u2019objectif est de <strong>favoriser l\u2019insertion en faisant \u00e9merger les projets individuels<\/strong> (de sant\u00e9, d\u2019insertion professionnelle, de relogement ou autres). Il s\u2019agit \u00e9galement pour les personnes r\u00e9sidant au sein de la Pension de Famille d\u2019avoir un lieu pour se poser, r\u00e9apprendre le vivre ensemble, en vue de se projeter dans un futur \u00e0 prendre en main. Elle repr\u00e9sente un type d\u2019habitat alternatif qui doit permettre de rompre avec les formes d\u2019h\u00e9bergement classiques en mati\u00e8re de r\u00e9ponse sociale, de cadre et de qualit\u00e9 de vie. De plus, l\u2019objectif est de cr\u00e9er une <strong>dynamique participative et solidaire<\/strong> des diff\u00e9rents publics autour de temps collectifs partag\u00e9s. Favoriser les rencontres et promouvoir la convivialit\u00e9 font partie du projet.<\/p>\n\n\n\n<p class=\"has-text-align-left\">Les r\u00e9sidents signent un <strong>contrat de r\u00e9sidence<\/strong> reconductible de mani\u00e8re tacite tous les mois et un r\u00e8glement int\u00e9rieur. Les personnes s\u2019engagent contractuellement et acceptent un <strong>accompagnement social<\/strong> ainsi que quelques obligations relatives au cadre de la pension. Ces obligations consistent \u00e0 participer une fois par mois au comit\u00e9 des r\u00e9sidents, au repas collectif et de fa\u00e7on hebdomadaire au m\u00e9nage des parties communes ainsi qu\u2019\u00e0 des temps d\u2019animations de fa\u00e7on r\u00e9guli\u00e8re.<\/p>\n\n\n\n<p><\/p>\n\n\n<div class=\"wp-block-image\">\n<figure class=\"aligncenter size-full\"><img loading=\"lazy\" decoding=\"async\" width=\"768\" height=\"554\" src=\"https:\/\/animation-hh30.ovh\/wp-content\/uploads\/2026\/01\/vue-ensemble-bd-768x554-1.jpg\" alt=\"\" class=\"wp-image-76\" srcset=\"https:\/\/animation-hh30.ovh\/wp-content\/uploads\/2026\/01\/vue-ensemble-bd-768x554-1.jpg 768w, https:\/\/animation-hh30.ovh\/wp-content\/uploads\/2026\/01\/vue-ensemble-bd-768x554-1-300x216.jpg 300w\" sizes=\"auto, (max-width: 768px) 100vw, 768px\" \/><\/figure>\n<\/div>\n\n\n<div class=\"wp-block-buttons is-layout-flex wp-block-buttons-is-layout-flex\">\n<div class=\"wp-block-button\"><a class=\"wp-block-button__link wp-element-button\" href=\"https:\/\/animation-hh30.ovh\/wp-content\/uploads\/2026\/03\/Plaquette-PF.pdf\">Plaquette pension de famille<\/a><\/div>\n<\/div>\n","protected":false},"excerpt":{"rendered":"<p>La pension de famille Habitat et Humanisme Gard a cr\u00e9\u00e9 une Pension de Famille \u00e0 Verg\u00e8ze. La r\u00e9sidence accueille depuis le 12 novembre 2018 un public mixte et majeur. Il s\u2019agit d\u2019une r\u00e9sidence sociale destin\u00e9e \u00e0 des personnes \u00e0 faible niveau de ressources, isol\u00e9es socialement et qui n\u2019ont pas acc\u00e8s \u00e0 un logement ordinaire, et &hellip; <a href=\"https:\/\/animation-hh30.ovh\/index.php\/pensions-de-famille\/la-capitelle\/\" class=\"more-link\">Continuer la lecture de <span class=\"screen-reader-text\">La Capitelle<\/span>  <span class=\"meta-nav\">&rarr;<\/span><\/a><\/p>\n","protected":false},"author":2,"featured_media":0,"parent":216,"menu_order":3,"comment_status":"closed","ping_status":"closed","template":"","meta":{"footnotes":""},"class_list":["post-73","page","type-page","status-publish","hentry"],"_links":{"self":[{"href":"https:\/\/animation-hh30.ovh\/index.php\/wp-json\/wp\/v2\/pages\/73","targetHints":{"allow":["GET"]}}],"collection":[{"href":"https:\/\/animation-hh30.ovh\/index.php\/wp-json\/wp\/v2\/pages"}],"about":[{"href":"https:\/\/animation-hh30.ovh\/index.php\/wp-json\/wp\/v2\/types\/page"}],"author":[{"embeddable":true,"href":"https:\/\/animation-hh30.ovh\/index.php\/wp-json\/wp\/v2\/users\/2"}],"replies":[{"embeddable":true,"href":"https:\/\/animation-hh30.ovh\/index.php\/wp-json\/wp\/v2\/comments?post=73"}],"version-history":[{"count":8,"href":"https:\/\/animation-hh30.ovh\/index.php\/wp-json\/wp\/v2\/pages\/73\/revisions"}],"predecessor-version":[{"id":257,"href":"https:\/\/animation-hh30.ovh\/index.php\/wp-json\/wp\/v2\/pages\/73\/revisions\/257"}],"up":[{"embeddable":true,"href":"https:\/\/animation-hh30.ovh\/index.php\/wp-json\/wp\/v2\/pages\/216"}],"wp:attachment":[{"href":"https:\/\/animation-hh30.ovh\/index.php\/wp-json\/wp\/v2\/media?parent=73"}],"curies":[{"name":"wp","href":"https:\/\/api.w.org\/{rel}","templated":true}]}}

<h5 class="wp-block-heading">La pension de famille </h5>



<p class="has-text-align-left">Habitat et Humanisme Gard a créé une <strong>Pension de Famille à Vergèze</strong>. La résidence accueille depuis le 12 novembre 2018 un public mixte et <br>majeur.</p>



<p class="has-text-align-left">Il s’agit d’une résidence sociale destinée à des personnes à faible niveau de ressources, isolées socialement et qui n’ont pas accès à un logement ordinaire, et ce, sans condition de durée.</p>



<p class="has-text-align-left">L’objectif est de <strong>favoriser l’insertion en faisant émerger les projets individuels</strong> (de santé, d’insertion professionnelle, de relogement ou autres). Il s’agit également pour les personnes résidant au sein de la Pension de Famille d’avoir un lieu pour se poser, réapprendre le vivre ensemble, en vue de se projeter dans un futur à prendre en main. Elle représente un type d’habitat alternatif qui doit permettre de rompre avec les formes d’hébergement classiques en matière de réponse sociale, de cadre et de qualité de vie. De plus, l’objectif est de créer une <strong>dynamique participative et solidaire</strong> des différents publics autour de temps collectifs partagés. Favoriser les rencontres et promouvoir la convivialité font partie du projet.</p>



<p class="has-text-align-left">Les résidents signent un <strong>contrat de résidence</strong> reconductible de manière tacite tous les mois et un règlement intérieur. Les personnes s’engagent contractuellement et acceptent un <strong>accompagnement social</strong> ainsi que quelques obligations relatives au cadre de la pension. Ces obligations consistent à participer une fois par mois au comité des résidents, au repas collectif et de façon hebdomadaire au ménage des parties communes ainsi qu’à des temps d’animations de façon régulière.</p>



<p></p>


<div class="wp-block-image">
<figure class="aligncenter size-full"><img loading="lazy" decoding="async" width="768" height="554" src="https://animation-hh30.ovh/wp-content/uploads/2026/01/vue-ensemble-bd-768x554-1.jpg" alt="" class="wp-image-76" srcset="https://animation-hh30.ovh/wp-content/uploads/2026/01/vue-ensemble-bd-768x554-1.jpg 768w, https://animation-hh30.ovh/wp-content/uploads/2026/01/vue-ensemble-bd-768x554-1-300x216.jpg 300w" sizes="auto, (max-width: 768px) 100vw, 768px" /></figure>
</div>


<div class="wp-block-buttons is-layout-flex wp-block-buttons-is-layout-flex">
<div class="wp-block-button"><a class="wp-block-button__link wp-element-button" href="https://animation-hh30.ovh/wp-content/uploads/2026/03/Plaquette-PF.pdf">Plaquette pension de famille</a></div>
</div>

<p>La pension de famille Habitat et Humanisme Gard a créé une Pension de Famille à Vergèze. La résidence accueille depuis le 12 novembre 2018 un public mixte et majeur. Il s’agit d’une résidence sociale destinée à des personnes à faible niveau de ressources, isolées socialement et qui n’ont pas accès à un logement ordinaire, et &hellip; <a href="https://animation-hh30.ovh/index.php/pensions-de-famille/la-capitelle/" class="more-link">Continuer la lecture de <span class="screen-reader-text">La Capitelle</span>  <span class="meta-nav">&rarr;</span></a></p>
