{"id":98,"date":"2026-01-19T09:13:25","date_gmt":"2026-01-19T08:13:25","guid":{"rendered":"https:\/\/animation-hh30.ovh\/?page_id=98"},"modified":"2026-03-13T11:31:02","modified_gmt":"2026-03-13T10:31:02","slug":"presentation","status":"publish","type":"page","link":"https:\/\/animation-hh30.ovh\/index.php\/presentation\/","title":{"rendered":"Presentation"},"content":{"rendered":"\n<p>Depuis 2004, <strong>Habitat et Humanisme Gard<\/strong> situ\u00e9 au 41 rue Van Dyck \u00e0 N\u00eemes, propose des solutions d\u2019habitat adapt\u00e9es et accompagne les personnes log\u00e9es pour favoriser l\u2019<strong>autonomie<\/strong> et l\u2019<strong>insertion<\/strong>.<\/p>\n\n\n\n<hr class=\"wp-block-separator has-alpha-channel-opacity\"\/>\n\n\n\n<p><strong>Habitat et Humanisme<\/strong> agit pour la (re)cr\u00e9ation de liens sociaux au sein des villes et de la soci\u00e9t\u00e9.<\/p>\n\n\n\n<hr class=\"wp-block-separator has-alpha-channel-opacity\"\/>\n\n\n\n<p>Aujourd&rsquo;hui l&rsquo;Association loge pr\u00e8s de <strong>400<\/strong> personnes sur le d\u00e9partements dans des habitats adapt\u00e9s aux diff\u00e9rentes formes de pr\u00e9carit\u00e9.<\/p>\n\n\n\n<p>L&rsquo; <strong>Agence Immobili\u00e8re \u00e0 Vocation Sociale (AIVS) <\/strong>situ\u00e9 au 41 rue du Grand Couvent \u00e0 N\u00eemes dispose de :<\/p>\n\n\n\n<ul class=\"wp-block-list\">\n<li>3 <strong>Pensions de famille<\/strong> ( N\u00eemes, Marguerittes, et Verg\u00e8ze ), <\/li>\n\n\n\n<li>2 <strong>Habitats Inclusifs<\/strong> ( N\u00eemes et Verg\u00e8ze)<\/li>\n\n\n\n<li>1 service de <strong>logements diffus<\/strong> d&rsquo;interm\u00e9diation locative : Mandat de gestion et Location sous location.<\/li>\n<\/ul>\n\n\n\n<hr class=\"wp-block-separator has-alpha-channel-opacity\"\/>\n\n\n\n<p>Les travailleurs sociaux accompagnent en individuel et\/ou collectif toutes les personnes log\u00e9es, en fonction de la situation de chacun.<\/p>\n\n\n\n<figure class=\"wp-block-gallery alignwide has-nested-images columns-default is-cropped wp-block-gallery-1 is-layout-flex wp-block-gallery-is-layout-flex\"><\/figure>\n\n\n\n<figure class=\"wp-block-gallery has-nested-images columns-default is-cropped wp-block-gallery-2 is-layout-flex wp-block-gallery-is-layout-flex\"><\/figure>\n\n\n\n<p><\/p>\n","protected":false},"excerpt":{"rendered":"<p>Depuis 2004, Habitat et Humanisme Gard situ\u00e9 au 41 rue Van Dyck \u00e0 N\u00eemes, propose des solutions d\u2019habitat adapt\u00e9es et accompagne les personnes log\u00e9es pour favoriser l\u2019autonomie et l\u2019insertion. Habitat et Humanisme agit pour la (re)cr\u00e9ation de liens sociaux au sein des villes et de la soci\u00e9t\u00e9. Aujourd&rsquo;hui l&rsquo;Association loge pr\u00e8s de 400 personnes sur &hellip; <a href=\"https:\/\/animation-hh30.ovh\/index.php\/presentation\/\" class=\"more-link\">Continuer la lecture de <span class=\"screen-reader-text\">Presentation<\/span>  <span class=\"meta-nav\">&rarr;<\/span><\/a><\/p>\n","protected":false},"author":2,"featured_media":0,"parent":0,"menu_order":1,"comment_status":"closed","ping_status":"closed","template":"","meta":{"footnotes":""},"class_list":["post-98","page","type-page","status-publish","hentry"],"_links":{"self":[{"href":"https:\/\/animation-hh30.ovh\/index.php\/wp-json\/wp\/v2\/pages\/98","targetHints":{"allow":["GET"]}}],"collection":[{"href":"https:\/\/animation-hh30.ovh\/index.php\/wp-json\/wp\/v2\/pages"}],"about":[{"href":"https:\/\/animation-hh30.ovh\/index.php\/wp-json\/wp\/v2\/types\/page"}],"author":[{"embeddable":true,"href":"https:\/\/animation-hh30.ovh\/index.php\/wp-json\/wp\/v2\/users\/2"}],"replies":[{"embeddable":true,"href":"https:\/\/animation-hh30.ovh\/index.php\/wp-json\/wp\/v2\/comments?post=98"}],"version-history":[{"count":7,"href":"https:\/\/animation-hh30.ovh\/index.php\/wp-json\/wp\/v2\/pages\/98\/revisions"}],"predecessor-version":[{"id":253,"href":"https:\/\/animation-hh30.ovh\/index.php\/wp-json\/wp\/v2\/pages\/98\/revisions\/253"}],"wp:attachment":[{"href":"https:\/\/animation-hh30.ovh\/index.php\/wp-json\/wp\/v2\/media?parent=98"}],"curies":[{"name":"wp","href":"https:\/\/api.w.org\/{rel}","templated":true}]}}

<p>Depuis 2004, <strong>Habitat et Humanisme Gard</strong> situé au 41 rue Van Dyck à Nîmes, propose des solutions d’habitat adaptées et accompagne les personnes logées pour favoriser l’<strong>autonomie</strong> et l’<strong>insertion</strong>.</p>



<hr class="wp-block-separator has-alpha-channel-opacity"/>



<p><strong>Habitat et Humanisme</strong> agit pour la (re)création de liens sociaux au sein des villes et de la société.</p>



<hr class="wp-block-separator has-alpha-channel-opacity"/>



<p>Aujourd&rsquo;hui l&rsquo;Association loge près de <strong>400</strong> personnes sur le départements dans des habitats adaptés aux différentes formes de précarité.</p>



<p>L&rsquo; <strong>Agence Immobilière à Vocation Sociale (AIVS) </strong>situé au 41 rue du Grand Couvent à Nîmes dispose de :</p>



<ul class="wp-block-list">
<li>3 <strong>Pensions de famille</strong> ( Nîmes, Marguerittes, et Vergèze ), </li>



<li>2 <strong>Habitats Inclusifs</strong> ( Nîmes et Vergèze)</li>



<li>1 service de <strong>logements diffus</strong> d&rsquo;intermédiation locative : Mandat de gestion et Location sous location.</li>
</ul>



<hr class="wp-block-separator has-alpha-channel-opacity"/>



<p>Les travailleurs sociaux accompagnent en individuel et/ou collectif toutes les personnes logées, en fonction de la situation de chacun.</p>



<figure class="wp-block-gallery alignwide has-nested-images columns-default is-cropped wp-block-gallery-1 is-layout-flex wp-block-gallery-is-layout-flex"></figure>



<figure class="wp-block-gallery has-nested-images columns-default is-cropped wp-block-gallery-2 is-layout-flex wp-block-gallery-is-layout-flex"></figure>



<p></p>

<p>Depuis 2004, Habitat et Humanisme Gard situé au 41 rue Van Dyck à Nîmes, propose des solutions d’habitat adaptées et accompagne les personnes logées pour favoriser l’autonomie et l’insertion. Habitat et Humanisme agit pour la (re)création de liens sociaux au sein des villes et de la société. Aujourd&rsquo;hui l&rsquo;Association loge près de 400 personnes sur &hellip; <a href="https://animation-hh30.ovh/index.php/presentation/" class="more-link">Continuer la lecture de <span class="screen-reader-text">Presentation</span>  <span class="meta-nav">&rarr;</span></a></p>
